4*i - 2*i, 0 = -4*o - 3*i + 79. What is the remainder when w(o) is divided by 14?
12
Suppose 704*y - 693*y - 77 = 0. Calculate the remainder when y is divided by 7.
0
Let v = -10 + 358. What is the remainder when 56 is divided by v/8*(-2)/(-3)?
27
Let w = -1601 + 1663. Calculate the remainder when 82 is divided by w.
20
Let b(f) = f**3 + f. Let p(o) = -4*o**3 - 2*o**2 + o + 1. Let w(c) = b(c) - p(c). Suppose 2*k = -k + 3. What is the remainder when 15 is divided by w(k)?
3
Let o(r) = r**2 + 33*r - 38. Calculate the remainder when 62 is divided by o(-35).
30
Suppose -1048 = -7*l + 3614. What is the remainder when 79 is divided by l/33 - 4/22?
19
What is the remainder when ((-6)/8)/(-5 + 1479/296) is divided by 61?
39
Let d be 1/3 + 1400/21. Let r = d + -54. Calculate the remainder when 77 is divided by r.
12
Suppose 4*v - 64 = -8. Let n(t) = 4*t**2 - 2*t - 18. Let f be n(-5). Let x = -89 + f. What is the remainder when v is divided by x?
2
Let u be ((-56)/(-12))/(2/24). Let k = 67 - u. Calculate the remainder when 74 is divided by k.
8
Suppose 0 = 11*j - 485 + 111. What is the remainder when 94 is divided by j?
26
Let y = -14 - -92. Calculate the remainder when y is divided by 58.
20
What is the remainder when 192 is divided by 117/(-78) - 99/(-2)?
0
Let p = -24 + 66. Let u = -18 + 23. Suppose -5*o - 69 = -u*a + a, -3*o + 29 = 4*a. Calculate the remainder when p is divided by a.
9
Calculate the remainder when (26/(-130))/((-4)/7300) is divided by 133.
99
Let b(v) = -v**3 - 15*v**2 - 18*v + 110. What is the remainder when 173 is divided by b(-13)?
5
Let x = 286 - 284. Calculate the remainder when 1/3*(-1 + 28) is divided by x.
1
What is the remainder when ((-616)/(-42))/((-2)/(-30)) is divided by 75?
70
Let p(c) = 5*c**3 + 23*c**2 + 36*c + 40. Let k(t) = -t**3 - 6*t**2 - 9*t - 10. Let s(d) = -9*k(d) - 2*p(d). Calculate the remainder when 38 is divided by s(9).
8
What is the remainder when 73 is divided by 23/2*(-16 + 18)?
4
Let k(p) = -p + 1. Let l(j) = 0 + 20*j - 2 - 8*j + 8*j. Calculate the remainder when l(2) is divided by k(-9).
8
What is the remainder when (-1)/(1 - -3) + (-274)/(-8) is divided by 5?
4
Let f be 46/5 + 72/90. Suppose -5*s = f, 0*y + 7 = y + 4*s. What is the remainder when 43 is divided by y?
13
Let l = 97 - 57. Calculate the remainder when (316/(-10))/(20/(-100)) is divided by l.
38
Suppose 250 = 5*k + 5*q, 2*q = 5*k - 364 + 107. Calculate the remainder when 507 is divided by k.
48
Let y(x) = x**3 + 10*x**2 + 11*x + 10. Let d be y(-8). Let z = d - 28. Calculate the remainder when 43 is divided by z.
21
Let k(a) = 14*a - 944. Calculate the remainder when 137 is divided by k(76).
17
Suppose 0 = -4*t - 4*u + 30 + 14, 5 = -5*u. Suppose 0 = 2*f - 20 - t. Calculate the remainder when 61 is divided by f.
13
Let j = 864 + -851. What is the remainder when j is divided by 4?
1
Suppose 206*c - 207*c + 20 = 0. Calculate the remainder when 68 is divided by c.
8
Suppose 0 = -5*y + 4*q - 170, 0 = 5*y + 2*q - 25 + 195. Let k = -23 - y. Calculate the remainder when -34*66/(-52) + (-32)/208 is divided by k.
10
Let r = 126 - 85. Calculate the remainder when 153 is divided by r.
30
Let i = 894 - -70. What is the remainder when i is divided by 14?
12
Suppose 4*p - 6 + 2 = 0. Suppose 2*s = -3*d + 9, d - 12 = -3*d + s. Suppose -d*b + f = -2, 2*b = f + f. Calculate the remainder when b is divided by p.
0
Let o be (50/(-4))/(7/14). What is the remainder when 3 is divided by 1 - (o/5 + 3)?
0
Let g(a) = -49*a + 391. What is the remainder when g(-14) is divided by 108?
105
Let i = -832 - -848. Calculate the remainder when 108 is divided by i.
12
Suppose 3*b = 1 - 7, -w - b = 6. Let i be 0 - 35 - (-1 - w). What is the remainder when 14 is divided by 5*(i/(-10) - 3)?
2
What is the remainder when 123 is divided by 1355/40 + (-1)/(-8)?
21
Suppose 0 = -q - 3*q + 24. Suppose q*u - u = 40. Calculate the remainder when u is divided by 2.
0
Let y(v) = 13 - 2 + 10*v + v**2 + 0*v + 2. Let h be y(-9). Suppose -c = -h*c + 87. What is the remainder when c is divided by 16?
13
Suppose -55*c + 53*c = 84. Let j = 68 + c. Calculate the remainder when j is divided by (-1)/2*(2 + -20).
8
Let y = 208 - 119. Calculate the remainder when y is divided by 36.
17
Let g(w) = w**2 - 15*w + 64. Calculate the remainder when g(11) is divided by 15.
5
Let o(h) = -182*h - 451. Let t = -41 - -57. What is the remainder when o(-3) is divided by t?
15
Let h be ((-46)/3)/(4/12). Let p = 97 + h. Let m(c) = c**2 - 4*c + 6. Calculate the remainder when p is divided by m(6).
15
Let o be (-1 - 0)*(-22 - -19). Suppose o*b - 3*t = -0*b + 273, 3*t = b - 83. What is the remainder when b is divided by 14?
11
Let x = 16 + -8. Let t be (-99)/6 + (-6)/4. Let y = 31 + t. What is the remainder when y is divided by x?
5
Suppose 20*w - 78 = 22. Let v = -7 - -10. Calculate the remainder when w is divided by v.
2
Suppose 0 = -2*y - 0 + 10. Suppose -y + 59 = 3*d. Suppose -280 = -12*j + 8*j. Calculate the remainder when j is divided by d.
16
Suppose v - 1283 = 396. What is the remainder when v is divided by 15?
14
What is the remainder when 6/(-12)*338*-2 + 8 is divided by 22?
16
Let k = -143 + 37. Let s = k + 119. Calculate the remainder when 49 is divided by s.
10
Let m = -117 + 104. Let h(z) = -5*z - 52. What is the remainder when 35 is divided by h(m)?
9
Suppose 2*j - 32 = -k, 35*j - 34*j = 4*k - 164. What is the remainder when 194 is divided by k?
34
Calculate the remainder when (-2 - (-115)/(-20))*-8 is divided by 4.
2
Suppose 92 = 3*n - 4*x, 100 = 4*n + 2*x - 52. Let m = 30 - 58. Let z = m - -41. Calculate the remainder when n is divided by z.
10
Suppose -5*n + 3*m = -72, 7*n = 3*n + 2*m + 56. Let r(a) = 3*a + 2*a - 5 + 6 + 20*a**2 - 16*a**2. What is the remainder when r(-4) is divided by n?
9
Let r(z) = -z**3 + 5*z**2 + 7*z + 6. What is the remainder when 83 is divided by r(3)?
38
Suppose 7*r + 20 - 629 = 0. Calculate the remainder when r is divided by 27.
6
Let c = -24 - -37. Let q = c + 16. What is the remainder when 55 is divided by q?
26
Let r = -134 + 232. Calculate the remainder when r is divided by 20.
18
Suppose 3*a - 3*g + g = 97, g = -5*a + 140. Suppose -5*x - 94108 = -94373. What is the remainder when x is divided by a?
24
What is the remainder when 210/8 + (-30)/120 is divided by 12?
2
Suppose 9 = r - 8. Suppose -4*j = j - 20. What is the remainder when r is divided by (-70)/(-8) + 1/j?
8
Let z(s) = 13*s + 1. Let c be z(-4). Suppose 3*m = -m + 4*b + 80, -15 = 5*b. Calculate the remainder when 0 - c - 14/7 is divided by m.
15
Let q = 22 - -31. Let g(a) = -2*a**2 - 18*a + 4. Let m be g(-9). What is the remainder when q is divided by ((-7)/m)/((-2)/16)?
11
Let x = 14 - 12. Suppose 15 = a - 2*h, -2*a - 5*h - 13 = x. What is the remainder when a is divided by 4?
1
What is the remainder when 31/(-93) - (-406)/3 is divided by 23?
20
Suppose -43*k = -4*h - 41*k + 438, -2*k = -2. Calculate the remainder when h is divided by 10.
0
Let r = -27 - -17. Let z be (-11469)/45 + r/75. What is the remainder when 16/28 + z/(-7) is divided by 10?
7
Calculate the remainder when 91 is divided by (-2)/15 - (-4147)/165.
16
Let z be 144/40 + (-2)/(-5). Let r(k) = -11*k - 4. Let q(c) = 10*c + 4. Let o(d) = 7*q(d) + 6*r(d). Calculate the remainder when o(z) is divided by 7.
6
Let g = 15 + -6. Suppose r = 4*c + 351, 4*c + r = 3*r - 346. Let i = c + 124. Calculate the remainder when i is divided by g.
8
Let k be 1/(-5) + (-5)/(-25). Let a(x) = -x**3 - x**2 + 4. What is the remainder when (-3 - -2)*-13*(3 + -2) is divided by a(k)?
1
Calculate the remainder when (163 - 77)/((-2)/(-2)) is divided by 18.
14
Suppose -2*b + 9657 = b + 3*i, -3*i - 12904 = -4*b. What is the remainder when b is divided by 31?
30
Suppose -5*y - 53 = -293. Suppose -175 = -3*u - 4*q, 5*u - 239 - y = -2*q. Calculate the remainder when u is divided by 15.
12
Suppose 11*t = 7*t + 20. Suppose -3*b - t*h + 349 = b, 3*b = 2*h + 233. What is the remainder when b is divided by 14?
11
Suppose 3*i - a - 23 = 0, 39 = 3*i + 2*i - 2*a. What is the remainder when 19 is divided by i?
5
Let k(m) = 4*m - 25. Suppose 2*o - 4*l - 36 = -0*l, -5*o = -5*l - 70. Suppose -3*c + 176 = 50. What is the remainder when c is divided by k(o)?
12
Let j be 0 + 1/(3/12). Supp